 = -2 + 5. Suppose 60 = 2*z + l*z. Let y be (33/539*-7)/(3/(-21)). Calculate the greatest common factor of z and y.
3
Let g = -57 - -41. Let b be (-6)/(-2*(-6)/g). What is the greatest common divisor of 12 and b?
4
Let p = 1066 + -458. Calculate the highest common factor of 76 and p.
76
Let q(a) be the third derivative of -7*a**2 - 1/6*a**3 - 7/24*a**4 - 1/60*a**5 + 0 + 0*a. Let s be q(-4). Calculate the highest common factor of 88 and s.
11
Suppose -3*j + 1 - 2 = 4*i, 2*j = i - 8. Calculate the highest common divisor of i and 32.
2
Let v = -24 + 5. Let a = 18 - v. What is the greatest common factor of 37 and a?
37
Let h = 98 - -127. Calculate the greatest common factor of h and 50.
25
Suppose c - 5*q = 10, -5*c + 3*q + 166 = 7*q. Suppose 45 = 5*b - c. What is the highest common divisor of 15 and b?
15
Suppose -21*t = 194 - 824. Calculate the greatest common divisor of t and 162.
6
Let t(r) = 3 + 0 - r - r**3 - 2. Let j be t(0). Let a be ((-222)/259 - (-136)/28) + (-1 - -4). Calculate the highest common factor of a and j.
1
Let z = -73 - -30. Let r = z - -47. Calculate the greatest common factor of 4 and r.
4
Suppose 47 = 4*x + 19. Let r(u) = 8*u - 16. Let f be r(x). Suppose -q + 2*g + 13 + 9 = 0, -3*g - f = -2*q. What is the greatest common divisor of 154 and q?
14
Let y = 284 - 230. What is the greatest common factor of 90 and y?
18
Let f = 55 + -52. Suppose y = 2*b + 9, -y + f*b - 58 = -5*y. Suppose -q + 369 = 4*v, -399 - 66 = -5*v - 2*q. Calculate the greatest common factor of y and v.
13
Let z(f) = 125*f + 213. Let k be z(4). What is the highest common factor of 23 and k?
23
Let p(v) = -v**3 + 4*v**2 - 3*v. Let s be p(4). Let m be s/8*416/(-6). Suppose 4*y + 7 = 59. Calculate the greatest common divisor of m and y.
13
Let k = -386 + 593. What is the highest common divisor of 18 and k?
9
Let i(o) be the first derivative of -o**3/3 + 21*o**2/2 - 26*o + 11. Let b be i(14). Calculate the greatest common divisor of 9 and b.
9
Let k be 4/10 + 65/25. Let h = k - -1. Let w = 14 + 2. What is the highest common divisor of h and w?
4
Let g = -353 - -371. Let r be (-90)/(-2*1/2). Calculate the greatest common factor of g and r.
18
Suppose 0*g - g = 21. Let n = 41 + g. Let s = 190 + -50. Calculate the highest common factor of s and n.
20
Suppose o + 6*u - 13 = u, 4*u = 8. Suppose 2*k + o = 1. Let h be (-6)/(-2) - (k - -2). What is the highest common factor of h and 16?
2
Let a = -37 + 40. Suppose -a*c + 29 + 22 = -3*s, 3*c - 4*s = 51. What is the highest common factor of 187 and c?
17
Let p(z) = 2*z**3 - 7*z**2 + 9*z + 7. Let r be p(3). What is the greatest common factor of 1075 and r?
25
Suppose -5*o - 98 = -1053. Let i = o - 92. What is the highest common divisor of i and 9?
9
Let c be (-3*(-3)/(-18))/(4/(-504)). Calculate the highest common factor of 9 and c.
9
Let z = -35 + 35. Suppose 0 = 2*v - z*v - 240. Calculate the highest common factor of 15 and v.
15
Let s = -44 + 47. Suppose -3*v = 3*n - 48, 0 = -s*n - v + 6 + 52. Calculate the highest common factor of n and 21.
21
Let r(j) = -j**3 + 7*j**2 + j - 2. Let g be r(4). Let b be ((-8)/(-16))/((-1)/58). Let f = b + g. Calculate the highest common divisor of f and 3.
3
Let c = -78 + 81. Let m = -5 + 9. Let u(l) = 6*l + 3. Let f be u(m). Calculate the highest common divisor of c and f.
3
Let b(z) = -z**3 - 3*z**2 - 2*z. Let u be b(-2). Suppose 5*w - 20 = -u*w. Let p be 18*6*w/16. Calculate the highest common factor of 135 and p.
27
Let c = 7 + -5. Suppose t - i = 3*t - 1, 5*i = 5*t + 5. Suppose t*p + c*p = 10. Calculate the greatest common divisor of 20 and p.
5
Suppose 57*k = -4*x + 56*k + 251, 5*x + 5*k - 325 = 0. Suppose -2*q - 163 = -5*r, 3*q = 3*r - 0*q - 105. Calculate the highest common divisor of r and x.
31
Suppose -5*u - 2*c = -0*u - 39, 0 = u + 3*c. Let k = 73 - u. Calculate the highest common divisor of k and 32.
32
Let t = 31 + -23. Let a be -5 + t - 6*1. Let z be -3*(19/a + 3). Calculate the highest common factor of z and 50.
10
Let m be -3 - 60/10 - -43. What is the greatest common factor of m and 629?
17
Let z(a) = 6*a + 12. Let v be z(3). What is the highest common factor of 30 and v?
30
Let i(f) be the third derivative of 7*f**5/30 - 11*f**4/24 - 7*f**3/6 + 19*f**2. Let b be i(-4). Calculate the greatest common factor of b and 29.
29
Let k be -450*(10/(-4) - -2). Let m be (-3)/(-2) + k/10. Calculate the greatest common divisor of m and 36.
12
Suppose -j - 3*k = -32, -j + 0*k - 4*k = -35. Suppose 0 = 3*i + w - j, i + 11 = -5*w - 0. Calculate the highest common divisor of i and 1.
1
Suppose 31*g - 2015 - 20367 = 0. What is the greatest common factor of 114 and g?
38
Let i(s) = -s + 200. Suppose 6*u = 10*u. Let h be i(u). What is the greatest common divisor of 25 and h?
25
Suppose -2*p = 4*r + 30, 3*r + 5*p + 12 + 7 = 0. Let z be 16 + -1 + (r/4 - 0). Calculate the greatest common divisor of 143 and z.
13
Let c be 6/(-4)*(-9 + 7). Suppose 0 = p + c*p. Suppose p = 5*r + 9 + 1, 4*z - 74 = r. What is the highest common factor of z and 2?
2
Suppose 0 = -2*h - 61 + 69. Suppose h*m - 40 = -3*d - 12, -2*d - 8 = 0. What is the highest common factor of 90 and m?
10
Let k = 32 - 20. Suppose 2 = 3*u - 4. Suppose u*q - 17 + 5 = 0. Calculate the highest common divisor of q and k.
6
Suppose -24*v + 90 = -29*v. Let p = v - -42. Let k(f) = -85*f - 2. Let z be k(-2). Calculate the greatest common factor of p and z.
24
Suppose -2496 = -4*h - 28*h. Calculate the highest common divisor of h and 12.
6
Let w be 520/(-50) + (-6)/(-15). Let m = 12 + w. What is the greatest common divisor of m and 22?
2
Let s = 623 - 575. What is the highest common factor of 304 and s?
16
Let c = 6 + -12. Let n be 12*((-15)/c - 2). Calculate the highest common factor of 4 and n.
2
Suppose 7*q - 2281 + 426 = 0. Calculate the greatest common divisor of 106 and q.
53
Suppose -57 = -5*r + 13. Suppose -4*m = -6 - r. Suppose -m*h + 100 = 3*u, -4*h + 5*u + 9 = -2*h. Calculate the greatest common divisor of 119 and h.
17
Suppose -5*f + 3 + 2 = 0, -4*b = -2*f - 1126. Suppose 0 = 5*t - b - 238. Calculate the highest common divisor of 13 and t.
13
Let f be 110*((-9)/6 - -2). Suppose 4*z - f = 2*s + 47, 120 = 5*z - s. What is the greatest common divisor of 253 and z?
23
Suppose -f - 23*i = -27*i - 23, -4*f - 4*i = -112. Let c = 105 - 69. What is the highest common factor of f and c?
9
Suppose 73*b + 12 = 4*j + 71*b, -10 = -j + 4*b. Calculate the greatest common divisor of j and 9.
1
Suppose 65 = -6*i + i. Let z = i + 10. Let r be 7/z*(-120)/5. What is the greatest common divisor of r and 8?
8
Let b(d) = -4 - 10*d + d**2 + 0 + 0*d. Let n be b(-8). Calculate the greatest common factor of n and 20.
20
Let a = -602 - -628. Let l(z) = -34*z - 6. Let y be l(-4). What is the highest common divisor of a and y?
26
Let b be -27*(2/(-5) + 1144/(-165)). Let g be -3*(-3)/9 + 17. What is the greatest common factor of g and b?
18
Let j = -12 + 17. Let k be 884/(-10) - (-2)/j. Let p = 3 - k. What is the highest common divisor of 13 and p?
13
Suppose x - 4*x = 18. Let b be (x/8)/(3/(-144)). Suppose 3*h = 6*h - 162. What is the highest common factor of h and b?
18
Suppose 0 = 5*b + 5*f - 55, -3*b - 3*f + 13 = -4*f. Calculate the greatest common divisor of b and 54.
6
Let d be 42 + 6/((-30)/(-25)). Suppose 5*h = d + 43. Calculate the highest common divisor of 54 and h.
18
Suppose -4*o - 2*s - 6376 = -8*o, -5*s + 4808 = 3*o. What is the greatest common factor of o and 133?
133
Suppose -6*v = 2*v - 40. Suppose -o - w + 216 = 0, v*o - 3*w - w = 1080. Suppose -5*u + 48 = -3*u. Calculate the greatest common factor of o and u.
24
Let i be (-2)/(-8) - (-2)/(-8). Suppose 10 + i = -5*y. Let q be -117*1*y/2. What is the highest common divisor of 13 and q?
13
Let l = 111 + -101. What is the highest common factor of 5 and l?
5
Let x(a) = -79*a + 642. Let v be x(8). What is the greatest common divisor of 2 and v?
2
Let k = -392 - -426. What is the greatest common divisor of 391 and k?
17
Let f(j) = -4*j**2 + j. Let i be f(-1). Let v be (-68)/i - 3/5. Let x = -8 + v. Calculate the greatest common factor of 40 and x.
5
Let y = -1156 - -1164. Let d(r) = 2*r**2 - 3*r + 4. Let p(k) = k**2 + k - 2. Let n be p(-3). Let i be d(n). Calculate the greatest common divisor of 